f 11809636?
2, 31, 95239
What are the prime factors of 156530675?
5, 7, 127, 7043
List the prime factors of 84395122.
2, 7, 263, 22921
List the prime factors of 1086164393.
19, 431, 132637
List the prime factors of 877916385.
3, 5, 19509253
What are the prime factors of 402410385?
3, 5, 13, 59, 89, 131
What are the prime factors of 124849230?
2, 3, 5, 11, 79, 4789
What are the prime factors of 69504800?
2, 5, 283, 307
What are the prime factors of 416470900?
2, 5, 4164709
What are the prime factors of 289539462?
2, 3, 73, 661049
List the prime factors of 26686016.
2, 7, 59567
What are the prime factors of 3906421729?
7, 23, 24263489
List the prime factors of 29682851.
11, 2698441
What are the prime factors of 213802958?
2, 389, 274811
What are the prime factors of 642039267?
3, 2333, 91733
List the prime factors of 120725334.
2, 3, 653, 10271
List the prime factors of 265787644.
2, 43, 1545277
List the prime factors of 115251611.
127, 907493
List the prime factors of 1383871669.
19, 37, 1051, 1873
What are the prime factors of 68987500?
2, 5, 5519
What are the prime factors of 16829553?
3, 13, 227, 1901
What are the prime factors of 40546667?
7, 31, 26693
What are the prime factors of 382543002?
2, 3, 29, 732841
What are the prime factors of 579538193?
13, 3259, 13679
List the prime factors of 540829465.
5, 11, 893933
What are the prime factors of 2364752198?
2, 19, 53, 487, 2411
What are the prime factors of 59329427?
59329427
List the prime factors of 149770463.
4637, 32299
List the prime factors of 28057842.
2, 3, 73, 131, 163
What are the prime factors of 751717525?
5, 13, 59, 197, 199
What are the prime factors of 44953537?
281, 159977
List the prime factors of 233673973.
13, 17974921
List the prime factors of 1677736701.
3, 263, 708803
What are the prime factors of 161848227?
3, 73, 587, 1259
List the prime factors of 72722430.
2, 3, 5, 11, 17, 29, 149
List the prime factors of 93627643.
877, 106759
What are the prime factors of 195963999?
3, 7, 11, 863, 983
What are the prime factors of 606882631?
211, 2876221
What are the prime factors of 102953054?
2, 17, 3028031
What are the prime factors of 49355517?
3, 16451839
What are the prime factors of 795906550?
2, 5, 191, 83341
List the prime factors of 71975385.
3, 5, 59239
What are the prime factors of 18049192?
2, 7, 31, 37, 281
List the prime factors of 2426063983.
7, 1291, 268459
What are the prime factors of 34837239?
3, 37, 313849
What are the prime factors of 459983026?
2, 23, 431, 23201
What are the prime factors of 13924310?
2, 5, 1392431
What are the prime factors of 104480629?
11, 191, 223
List the prime factors of 172124196.
2, 3, 683, 21001
What are the prime factors of 321502963?
17, 1112467
List the prime factors of 22508684.
2, 11, 173, 2957
List the prime factors of 142075168.
2, 41, 108289
List the prime factors of 1268243349.
3, 422747783
What are the prime factors of 1188872416?
2, 37152263
What are the prime factors of 156793049?
7, 719, 31153
List the prime factors of 4455566289.
3, 1907, 259603
What are the prime factors of 2338255087?
7, 1427, 234083
What are the prime factors of 72110111?
19, 199751
List the prime factors of 37855623.
3, 13, 970657
What are the prime factors of 138691055?
5, 31, 109, 8209
What are the prime factors of 48438496?
2, 181, 8363
What are the prime factors of 1347847991?
7, 1409, 136657
What are the prime factors of 3836936?
2, 19, 25243
What are the prime factors of 2855978267?
2855978267
List the prime factors of 283740671.
941, 301531
List the prime factors of 510337695.
3, 5, 7, 99191
What are the prime factors of 274146897?
3, 91382299
List the prime factors of 125371043.
7, 47, 61, 6247
List the prime factors of 178455350.
2, 5, 3569107
List the prime factors of 38521967.
11, 3501997
What are the prime factors of 706774272?
2, 3, 920279
What are the prime factors of 64519711?
31, 2081281
What are the prime factors of 130127825?
5, 5205113
What are the prime factors of 652420313?
229, 1217, 2341
List the prime factors of 152104519.
7, 19, 1143643
List the prime factors of 11794953.
3, 19, 10891
What are the prime factors of 2665674771?
3, 888558257
What are the prime factors of 20283815?
5, 23, 233, 757
List the prime factors of 989028586.
2, 7, 13, 29, 187387
List the prime factors of 319635831.
3, 106545277
What are the prime factors of 4487426826?
2, 3, 747904471
What are the prime factors of 17480025?
3, 5, 77689
List the prime factors of 264422327.
13, 20340179
What are the prime factors of 5664714075?
3, 5, 17, 493657
List the prime factors of 1442174526.
2, 3, 13, 6163139
List the prime factors of 3591427646.
2, 1795713823
List the prime factors of 2245199255.
5, 13, 2927, 11801
What are the prime factors of 146313467?
146313467
What are the prime factors of 2358337?
19, 124123
List the prime factors of 16469154.
2, 3, 13, 70381
What are the prime factors of 126454922?
2, 11, 522541
List the prime factors of 32055028.
2, 8013757
What are the prime factors of 792071135?
5, 158414227
What are the prime factors of 2804295514?
2, 47, 29832931
What are the prime factors of 1381882719?
3, 7, 59, 1115321
What are the prime factors of 204295773?
3, 11, 6190781
List the prime factors of 2439743481.
3, 7, 37, 349, 2999
List the prime factors of 1850573435.
5, 370114687
List the prime factors of 11799146.
2, 5899573
What are the prime factors of 3915095825?
5, 19, 79, 101, 1033
What are the prime factors of 49583004?
2, 3, 4131917
List the prime factors of 119687819.
1163, 102913
List the prime factors of 84921876.
2, 3, 13, 181457
List the prime factors of 2682742565.
5, 536548513
List the prime factors of 519219823.
519219823
What are the prime factors of 127677629?
311, 353, 1163
List the prime factors of 137331457.
17, 31, 37, 7043
What are the prime factors of 871939060?
2, 5, 101, 149, 2897
What are the prime factors of 19109341?
19109341
List the prime factors of 5027510.
2, 5, 71, 73, 97
What are the prime factors of 65451250?
2, 5, 52361
What are the prime factors of 27492525?
3, 5, 19, 59, 109
What are the prime factors of 155275488?
2, 3, 179717
List the prime factors of 151452585.
3, 5, 23, 71, 229
What are the prime factors of 2692538084?
2, 211, 3190211
What are the prime factors of 45020868?
2, 3, 3751739
List the prime factors of 1089877409.
67, 16266827
List the prime factors of 15240746.
2, 7620373
What are the prime factors of 1559224486?
2, 701, 1112143
What are the prime factors of 2784596178?
2, 3, 7, 13, 5099993
List the prime factors of 609892565.
5, 121978513
List the prime factors of 3507921182.
2, 821, 2136371
What are the prime factors of 596272054?
2, 7, 59, 89, 8111
List the prime factors of 122807466.
2, 3, 53, 109, 1181
What are the prime factors of 634753831?
43, 14761717
List the prime factors of 47692175.
5, 1907687
What are the prime factors of 634422347?
13, 31, 1574249
What are the prime factors of 124163894?
2, 7411, 8377
What are the prime factors of 23541835?
5, 89, 52903
What are the prime factors of 108583769?
7, 313, 49559
List the prime factors of 59851470.
2, 3, 5, 7, 285007
What are the prime factors of 1612725910?
2, 5, 17, 727, 13049
List the prime factors of 148012069.
211, 701479
List the prime factors of 322616317.
157, 2054881
List the prime factors of 143778331.
449, 320219
What are the prime factors of 1410564198?
2, 3, 235094033
What are the prime factors of 18157569?
3, 137, 44179
What are the prime factors of 169779305?
5, 137, 247853
What are the prime factors of 15572193?
3, 7, 13, 57041
What are the prime factors of 521930393?
307, 1700099
What are the prime factors of 3566329196?
2, 293, 3042943
List the prime factors of 617023587.
3, 205674529
What are the prime factors of 605773104?
2, 3, 17, 742369
List the prime factors of 57587173.
7, 47, 113, 1549
List the prime factors of 2695338697.
23, 117188639
List the prime factors of 148812129.
3, 16534681
What are the prime factors of 2248823441?
211, 3083, 3457
What are the prime factors of 3028159716?
2, 3, 83, 3040321
What are the prime factors of 12346890?
2, 3, 5, 411563
List the prime factors of 136208502.
2, 3, 1153, 6563
List the prime factors of 2350977967.
13, 4703, 38453
What are the prime factors of 27957328?
2, 